is divided by 18?
9
Suppose -u - 5*r + 7 = -2*u, -6 = -3*r. Suppose 2*i + 0 = -2*y + 6, -9 = u*i. Suppose 15 = 5*j - 4*j. Calculate the remainder when j is divided by y.
3
Let n(i) be the first derivative of -i**4/4 - i**3/3 + 2*i**2 + 3*i - 8. Calculate the remainder when 68 is divided by n(-4).
33
Suppose -16*x - 73 = 183. What is the remainder when 48 is divided by x/96 - 163/(-6)?
21
Let m(o) = -o**2 - 13*o + 7. Suppose 2*p - 162 = -16. Calculate the remainder when p is divided by m(-12).
16
Suppose 3*z - 1 = h, 5*z - z = 2*h. Suppose -2*b = b, 60 = 3*f - h*b. What is the remainder when f is divided by 6?
2
Calculate the remainder when 21 is divided by 13 + (-20)/((-8)/(-2)).
5
Let n = 96 - 47. Suppose -3*x = -n + 4. What is the remainder when 57 is divided by x?
12
What is the remainder when 103 is divided by 3*(-134)/(-21) - 4/28?
8
Let p = 910 + -898. What is the remainder when 380 is divided by p?
8
Let x(m) = 10*m + 14. Suppose -4*f = -3*f + 3*k - 23, 0 = 2*f - k - 25. Calculate the remainder when x(5) is divided by f.
8
Let n(p) = p**3 - 3*p**2 + 2*p + 1. Let c = -76 + 95. Calculate the remainder when c is divided by n(3).
5
Let t be (288/30)/(9/30). Let o = t - -43. Calculate the remainder when o is divided by 20.
15
Let p be (-3)/(-1) + (-1534)/13. Let g = -87 - p. What is the remainder when g is divided by 6?
4
Let s(u) = u**2 - 4*u. Let i be s(4). Suppose 7*l - 6*l - 3 = i. Calculate the remainder when 28 is divided by l/(-6) - (-62)/4.
13
Let n = -15 + 39. Suppose 2*t - 12 = -4*s + 2, 3*s - 3*t - n = 0. Let x = s - -27. Calculate the remainder when x is divided by 6.
2
Let l = -60 - -104. Let z = -27 + l. What is the remainder when 63 is divided by z?
12
Suppose -8*m - 4*f + 628 = 0, 19*f - 17*f = m - 66. Calculate the remainder when m is divided by 27.
22
Let b = -1080 + 1348. What is the remainder when b is divided by 71?
55
Suppose -20 = -4*x, 5*x - 42 + 285 = 4*s. Let k = 1049 - 716. Calculate the remainder when k is divided by s.
65
Let h(v) = 5*v**3 - 2*v**2 + 7*v - 1. What is the remainder when h(3) is divided by 23?
22
Let t = 1574 - 1569. Calculate the remainder when 497 is divided by t.
2
Let y(l) = -9*l + 2*l**2 - 3*l**2 + 0*l**2 - 2. Calculate the remainder when (-24)/((-24 - -21)*(-1)/(-4)) is divided by y(-7).
8
Suppose 0 = -2*q + 8 + 2. Suppose -i = -2*z + 4*i + 97, q*i = -z + 11. What is the remainder when 178 is divided by z?
34
Let v be (-4 - (-56)/10)*5. Let s(k) = -k**2 - 7*k - 8. Let w be s(-6). Calculate the remainder when (v - 0) + (w - 1) is divided by 2.
1
Suppose -67 = 14*i - 347. What is the remainder when i is divided by 8?
4
Suppose -3*p - o = 3*o - 190, -5*p + 4*o = -338. Let d(y) = -36*y + 7. Let q be d(-2). Let x = q - 56. Calculate the remainder when p is divided by x.
20
Suppose 0 = -k - 5 - 10. Let t = 7 - -12. Let m = t + k. Calculate the remainder when 11 is divided by m.
3
What is the remainder when 103 is divided by (-1)/(-1)*(58 - 35)?
11
Let j(r) = -5*r + 16. Let z be j(4). Calculate the remainder when 102 is divided by -2*18/z - -4.
11
Let w(u) = -u**2 - 17*u - 6. Let t be 167/6 - 7/(-42). Suppose 5*c + t = c. What is the remainder when w(c) is divided by 22?
20
Calculate the remainder when 77 - (-6 - -2 - -3) is divided by 12.
6
Suppose 0 = -439*w + 446*w - 2002. Calculate the remainder when w is divided by 145.
141
Let c(b) = b**3 - b**2. Let p(u) = -u**2 - 2*u + 17. Let v be p(-5). Let j be c(v). Suppose j*y + 2 = 134. What is the remainder when 65 is divided by y?
32
Suppose -3*a - 174 = -9*a. Let i = 822 - 805. What is the remainder when a is divided by i?
12
Suppose 0 = 5*l - l - 68. Let i = 28 + -25. Let s = 6 + i. What is the remainder when l is divided by s?
8
Let x(z) = z**3 + 12*z**2 - 13*z + 4. Let r be x(-13). Suppose -6*p + 236 = -r*p. What is the remainder when p is divided by 20?
18
What is the remainder when 130 is divided by (0 + -45)/(7 - 10)?
10
Let h(b) = b**2 - 5*b - 6. Let y be h(6). Let p(w) = -839 + w**2 - w**3 - 9*w + 881 + 10*w. Calculate the remainder when p(y) is divided by 11.
9
Let v = -1 + 3. Suppose 5*m + v*k = 130, 3*m - 78 = 3*k + 2*k. Suppose -2*u + 15 - 1 = 0. What is the remainder when m is divided by u?
5
Let o = -20 - -37. Let l(r) = -r**3 - 7*r**2 + 3*r - 7. Let v = -3 + -5. Calculate the remainder when l(v) is divided by o.
16
Let l(h) = -h**2 - 9*h - 13. What is the remainder when 59 is divided by l(-5)?
3
Let a = -645 - -796. Calculate the remainder when a is divided by 39.
34
Let x(b) = -6*b**3 - 22*b**2 + 3*b + 10. What is the remainder when x(-5) is divided by 74?
47
Suppose -4*q = 2 - 10. Let d = 12 - 12. Suppose 0*x - 2*w + 2 = -4*x, d = x - 4*w + 11. What is the remainder when q is divided by x?
0
Let z(n) = 6*n**2 + 40*n + 178. What is the remainder when z(-6) is divided by 131?
23
Suppose 21 = 5*k + 6. Suppose -k*f - 14 = -5*c, 3*c = -2*f + 15 + 1. Suppose 45 = -f*g + 7*g. What is the remainder when g is divided by 5?
4
Suppose 4*u + 6 = 7*u. Suppose -3*i = -c - 0*c - 242, u*i = -2*c + 148. Suppose -i = -3*b - 19. What is the remainder when 79 is divided by b?
19
Suppose -4*o + 2*o = -54. Let a(i) = -17*i + 452. Calculate the remainder when o is divided by a(26).
7
Let s be -1 + 283 - (3 - (-2 - -2)). Let l = s + -136. Calculate the remainder when l is divided by 48.
47
Suppose 2*o = 3*o - 80. What is the remainder when 115 is divided by o/(-6)*(-54)/24?
25
Suppose -2*x - b + 178 = 0, 4*b + 70 = 3*x - 219. Calculate the remainder when 543 is divided by x.
88
Let m = -1212 + 1415. Calculate the remainder when m is divided by 34.
33
Let i(d) = 2*d**2 + 15*d + 30. Calculate the remainder when 7 is divided by i(-4).
1
What is the remainder when -1*((-474)/6 + 3) is divided by 31?
14
Let y = 40 + -60. Calculate the remainder when 60 is divided by (-6)/9*(-9)/6 - y.
18
Suppose 3*c = -4*m + 26, 5*m = m - 4. Suppose 3*l + 1 = 5*z, 5*z - 37 = -2*l + 4. Suppose -4*k + 68 = -l. What is the remainder when k is divided by c?
9
Calculate the remainder when 610 is divided by (180/(-25))/(4/(-10)).
16
Suppose 30*u = 855 - 195. Calculate the remainder when 33 is divided by u.
11
What is the remainder when 338*(-5 + 66/12 + 0) is divided by 19?
17
Let j(u) = -3*u + 3. Let a be j(0). Let o = a - -6. Let h(m) = 2*m**2 - 2. Calculate the remainder when h(3) is divided by o.
7
Suppose 3*t = 12 - 6. What is the remainder when 14 is divided by 4 - (-3)/3*t?
2
Suppose -18 = s - 4*s - 4*h, 18 = 3*s - 5*h. Calculate the remainder when 304 is divided by s.
4
Suppose 11*m - 735 = -24*m. Calculate the remainder when 272 is divided by m.
20
Let t(x) = -2*x + 155. Calculate the remainder when t(-34) is divided by 56.
55
Suppose 0 = -55*a + 62*a - 1694. What is the remainder when a is divided by 61?
59
Let x be (-1)/(-8)*6*4. Suppose -x*o = -k - 48, -4*o + 3*o + 4*k = -16. Suppose -t + o = m, 4*m + 9*t - 4*t = 69. What is the remainder when 42 is divided by m?
9
Let u(j) = j + 9. Let v = 5 + -12. Let h be u(v). Suppose -t + 4*s = -13, 3*s - 5 = h*s. Calculate the remainder when t is divided by 12.
9
Let d(w) = 69*w**2 - 4*w - 10. Let z(n) = 14*n**2 - n - 2. Let i(v) = -2*d(v) + 11*z(v). Calculate the remainder when 82 is divided by i(-1).
14
Suppose 16 = 4*b + 2*t, 3*b + 6 = -t + 16. Let j(h) = 23*h - 7. Calculate the remainder when j(b) is divided by 14.
11
Suppose 38 = -5*b - 152. Suppose 2*c + 0*c - w - 168 = 0, 0 = 4*c + 4*w - 348. Let g = c + b. What is the remainder when g is divided by 16?
15
Let j(z) = -z**3 - 12*z**2 + 8*z - 1. Suppose -17*a + p - 53 = -21*a, 5*a + 4*p = 58. What is the remainder when j(-13) is divided by a?
8
Let x(k) = -k**2 + 12*k + 5. Suppose 0*t + 4*t = 4*s + 52, 5*s + 50 = 4*t. What is the remainder when x(7) is divided by t?
10
Suppose 3*o = -5 + 14. Suppose -4*d = 5*w - 2*d - 78, 2*w - 29 = -o*d. Let x(h) = h**2 - h. Calculate the remainder when x(-5) is divided by w.
14
Let q(x) = x**3 - 13*x**2 + 22*x + 53. Calculate the remainder when 204 is divided by q(11).
45
Suppose k = -c + 10, 2*k - 7*k = -5*c. Let u(g) = g - 5. Let s be u(k). Calculate the remainder when 51 is divided by ((-3)/(-5) - s)*15.
6
Suppose 3*o = -o + 48. Let c = -20 + 53. What is the remainder when c is divided by o?
9
Let s be 8/(-12) + (-4)/(-6). Let q = s +